inder when 790 is divided by y?
97
Let c = 345 + -77. Suppose j - c = -j. What is the remainder when j is divided by (14 + 960/(-75))*(-25)/(-2)?
14
Suppose 4*z - 153 - 55 = 0. Suppose -n = -3*n + 2*d + z, -3*n - 3*d + 78 = 0. Suppose 6*r - n = 4*r. Calculate the remainder when 48 is divided by r.
9
Let a = -55 + 85. Suppose 2*z + m - a = 4*m, -46 = -2*z - 5*m. Let q = -7 + 11. What is the remainder when z is divided by q?
2
Let i(l) = 550*l + 538*l + 2*l**2 - 1098*l + 2. Calculate the remainder when 178 is divided by i(7).
28
Suppose 5 = -5*y - 3*k + 30, 4*y = k + 3. Suppose -1 - 3 = -y*g + 4*x, -5*g = 5*x - 40. Suppose g*c + 100 = 11*c. What is the remainder when 34 is divided by c?
14
Let o(t) = -t**3 + 6*t**2 + 3*t - 2. Let s = 2352 + -2291. Calculate the remainder when s is divided by o(6).
13
Suppose -14035*g = -14027*g - 184. Let c(q) = q**3 - 2*q**2 - 6*q + 1. Let s be 4/6 - (-20)/6. What is the remainder when g is divided by c(s)?
5
Suppose 6952 = 57*t + 31*t. Calculate the remainder when 2998 is divided by t.
75
Suppose 530 = 5*w + 5*j + 270, 254 = 5*w + 4*j. Calculate the remainder when 260 is divided by w.
30
Let s = -34 + 211. Suppose s = 5*a + 47. Suppose -574 + 189 = -5*i. What is the remainder when i is divided by a?
25
Suppose 3*u - 5*u - 10 = 0, -4 = -2*z - 2*u. Calculate the remainder when 4666 is divided by z.
4
Let q = -3319 + 5823. What is the remainder when q is divided by 228?
224
Let t(z) be the third derivative of z**4/24 + 41*z**3/6 + 3*z**2. Calculate the remainder when 5/((-135)/6) - (-506)/9 is divided by t(-19).
12
Let n(b) = -2358*b - 68. Calculate the remainder when n(-1) is divided by 17.
12
Let n = -806 - -825. Let u(x) = 5*x**2 - 6*x - 5. Let i be u(5). Let y = 184 - i. Calculate the remainder when y is divided by n.
18
Let i(d) = d**3 + 22*d**2 + 16*d - 97. Suppose 88 + 59 = -7*n. Calculate the remainder when 27 is divided by i(n).
3
Suppose 4*t - 7*l + 12*l = 26, 4*t = 2*l + 12. Suppose t*i = -0 - 104. Let p = i - -49. Calculate the remainder when p is divided by 16.
7
Suppose -3*a + 185 - 8 = 0. Suppose 4*d - 5*d + 46 = 0. Suppose -50 = -8*v + d. Calculate the remainder when a is divided by v.
11
Let z = 1165 + -1149. What is the remainder when 4349 is divided by z?
13
Let o be ((-3 - 1) + 33/22)*-2. Suppose -2*f + 9 - o = 0. Calculate the remainder when 6/(-9) + 40/6 is divided by f.
0
Suppose 37*m + 3 = 38*m. Suppose w = -m*r + 91, -7 = -r + 3*w + 40. Suppose 65 = -27*l + r*l. What is the remainder when l is divided by 4?
1
Let s(t) = -11*t + 94. Let l = -1233 + 1830. Calculate the remainder when l is divided by s(4).
47
Suppose -3*o - 7 = 2*w - 6*w, -4*w = 4*o - 28. Let i be (-222)/(-7) + (-30)/(-105). Let m = o + i. What is the remainder when m is divided by 13?
9
Calculate the remainder when 748 is divided by (-4)/74 - (26 - (-35552)/(-592)).
0
Let q(z) = z**2 + 28*z + 341. What is the remainder when 241 is divided by q(-18)?
80
Let i(q) = 2*q + 2. Let m be i(5). Suppose -8 = -w + m. Calculate the remainder when (-9)/6 - 111/(-2) is divided by w.
14
Let l(y) = -5*y + 53. Let m be l(10). Suppose -2*k - 389 = -5*t + 2*k, m*k + 234 = 3*t. Calculate the remainder when t is divided by 23.
8
Suppose -435 = -6*y + 1089. Let q = y - 166. Let l = q + -62. What is the remainder when 40 is divided by l?
14
Let r(d) = 2*d**2 - 44*d - 57. Calculate the remainder when r(-23) is divided by 12.
9
What is the remainder when (42128/36)/4 + 4/9 is divided by 31?
14
Suppose -y = 23 + 12. Let i = y + 76. Suppose -2*r + 3*r + 3*j = 19, 2*j = -4*r + 86. Calculate the remainder when i is divided by r.
19
Suppose 5956 = 11*l - 380. Let i = l - 544. What is the remainder when 415 is divided by i?
31
Suppose 113*u - 19495 = -850. What is the remainder when u is divided by 38?
13
Suppose 6*a - a = 385. Suppose -419*j + 536*j - 4914 = 0. Calculate the remainder when a is divided by j.
35
Suppose -8*l + 16 - 64 = 0. Let z(b) = 38*b + 265. Calculate the remainder when 145 is divided by z(l).
34
Let r = -339 + 383. What is the remainder when 0 - -1 - 1 - (-71 + -13) is divided by r?
40
Let s(t) = -18*t - 22. Let z be s(-10). Suppose 23 - z = -3*d. Suppose 3*r + 9 = 78. What is the remainder when d is divided by r?
22
Let l be 117/12*6/9*6. Let q = -184 + 161. Let m = l + q. What is the remainder when 29 is divided by m?
13
Suppose -5*b - 43 = -193. Suppose -12*q = -11*q - y - 42, 0 = 2*y. Let s = 59 - q. What is the remainder when b is divided by s?
13
Suppose 28*z - 27*z - 3 = 0. Suppose -3*l = -z*n + 621, -4*n + 827 = -9*l + 6*l. What is the remainder when n is divided by 63?
17
Let o(b) = -b**2 + 176*b - 775. Let y = -37 - 24. Let z = -33 - y. What is the remainder when o(5) is divided by z?
24
Suppose 4*l - 30 + 70 = -2*a, 4*l = -3*a - 40. Calculate the remainder when 15 is divided by (32/20)/(16/l + 2).
3
Suppose -117 = -11*j - 0*j - 18. Calculate the remainder when -1 + 2 + -4 - -50 is divided by j.
2
Suppose 7*n - 74 + 4 = 0. Let z(j) = j**2 + 2*j + 2. Calculate the remainder when 4/n + 1565/25 + -1 is divided by z(-5).
11
Suppose 0 = -3*r, -u + 10 = -3*r - 39. What is the remainder when 194 is divided by u?
47
Suppose 650 - 5950 = 17*p - 117*p. Let q = -448 + 649. Calculate the remainder when q is divided by p.
42
Let j(w) = -w**2 + 84*w - 1323. Calculate the remainder when 322 is divided by j(62).
35
Let j(c) = -52*c**2 - 23*c + 134. Let p = 143 + -97. Calculate the remainder when j(0) is divided by p.
42
Suppose 245*a + 228 = 247*a. Suppose -120*m = -a*m - 534. What is the remainder when m is divided by 13?
11
Suppose 6*i = 7*i - 2. Suppose a - 12 = 10. Calculate the remainder when (-7)/i + 2/(-4) + 68 is divided by a.
20
Suppose -d - 5*q + 67 = 0, -54*d + 57*d = -4*q + 212. What is the remainder when 331 is divided by d?
43
Let g = 6549 + -6507. Calculate the remainder when 1594 is divided by g.
40
Calculate the remainder when 411 is divided by 32 + 2/((-8)/18)*(-28)/(-21).
21
Let r = 1314 - 531. Let j = r - 729. Calculate the remainder when 155 is divided by j.
47
Let f(j) = 5*j**2 - 3. Let h = -22 - -22. Suppose 7*o - 160 + 13 = h. What is the remainder when o is divided by f(1)?
1
Let m = -138 + 149. Suppose 0 = m*s - 3*s - 96. Suppose s + 1 = u. What is the remainder when u is divided by 2?
1
Let y(t) = 4*t - 14. Let n be y(0). Let q(l) = l**3 + 15*l**2 + 13*l + 10. What is the remainder when 33 is divided by q(n)?
9
Let p = 814 - 574. Suppose 14*r + p = 24*r. What is the remainder when 118 is divided by r?
22
What is the remainder when 2098 + (-4 - -16) + -6 is divided by 13?
11
Let p(d) = -169*d + 14392. What is the remainder when p(83) is divided by 182?
1
Calculate the remainder when 189 is divided by (-10)/(-3)*1080/240.
9
What is the remainder when (188908/1411)/(2/34) is divided by 227?
6
Let w(y) = 14*y**2 + 21*y + 115. Calculate the remainder when w(-6) is divided by 124.
121
Let w = 273 - 259. Let u(v) = -4*v + 142. Calculate the remainder when u(w) is divided by 44.
42
Let v(c) = -241*c - 1483. What is the remainder when v(-9) is divided by 6?
2
Let a = 3747 - 3619. Calculate the remainder when 265 is divided by a.
9
Let h = -239 - -402. Let o(a) = -a**3 - 3*a**2 + 8*a - 6. Let j be o(-7). Let y = -119 + j. What is the remainder when h is divided by y?
13
Let m(u) = 6*u + 8. Let c be m(-8). Let d = c - 6. Let j = 62 + d. What is the remainder when 74 is divided by j?
10
Suppose -5*m - 15 = -10. Let v(h) = -h**2 + h. Let g(r) = -2*r**2 + 7*r + 7. Let s(u) = m*v(u) + g(u). What is the remainder when 102 is divided by s(4)?
12
What is the remainder when (-394496)/804*(-6)/8 is divided by 4?
0
Let f = 17024 - 12753. Calculate the remainder when f is divided by 45.
41
Suppose -m = z - 587, -5*z + 1101 + 1831 = 4*m. Calculate the remainder when z is divided by 84.
80
Suppose 2*s + 3*j + 4496 = 4850, 4*s - 5*j = 642. Let m(r) = 35*r. What is the remainder when s is divided by m(1)?
28
Let j = -107 + 136. Suppose -2*u + a + j = 0, -3*u + 52 = u + 4*a. Suppose -20 = 3*t - 161. What is the remainder when t is divided by u?
5
Let f be (-26)/(-8) + 45/60. Let a(q) = q**2 - 3*q - 8. Let c be a(f). Calculate the remainder when 95 is divided by -14*(-2 - -1) + 4 + c.
11
Let g(k) = 4*k - 10. Let m be 3/6*(-1 + 19). C